- 4*k. What is the remainder when 32 is divided by h?
15
Suppose 4*m + 0*i - 138 = i, -m - 5*i = -24. What is the remainder when m is divided by 19?
15
Let n = 208 - 146. Suppose -2*b + 20 + n = 0. What is the remainder when b is divided by 11?
8
Suppose -2*q = -1 - 5. Suppose q*n - 5*s - 32 = -10*s, 5*s = -5*n + 40. What is the remainder when (-1)/(-5) - 486/(-45) is divided by n?
3
Let z(x) = 4*x - 2. Let a = 8 + -6. Let l(w) = -w**2 - 17*w + 2. What is the remainder when z(a) is divided by l(-17)?
0
Let b(w) be the third derivative of -1/4*w**4 - w**2 - 5/3*w**3 + 1/60*w**5 + 0 + 0*w. What is the remainder when b(9) is divided by 9?
8
Let b = 16 + -8. Let k = 13 - b. Let z = 25 - 11. What is the remainder when z is divided by k?
4
Suppose -2*v + f + 1 = 3*v, 2 = 2*v - 2*f. Suppose -3*n - 5*d = -v*d - 4, 18 = -4*n - 2*d. Let q = 16 + n. Calculate the remainder when q is divided by 5.
4
Let m = -10 - -27. Let i(l) = -l**3 + 7*l**2 + 3*l + 13. What is the remainder when i(6) is divided by m?
16
Let w(d) = 10*d**2 - 2*d - 3. What is the remainder when w(-2) is divided by 14?
13
Suppose 3*c = -2*q - 2*c + 20, -q + 5*c = -10. What is the remainder when 17 is divided by q?
7
Let x = 51 - 23. Let y = x - 15. Suppose 190 = 4*b + b. Calculate the remainder when b is divided by y.
12
Let r(p) = 2*p**2 - 11*p + 4. What is the remainder when r(7) is divided by 16?
9
Let g = 3 - 2. Let o(z) = 4*z**2 + 2*z - 1. What is the remainder when 12 is divided by o(g)?
2
Let u = -45 - -74. Suppose 5*b = -u + 94. What is the remainder when (-15)/75*10/4*-50 is divided by b?
12
What is the remainder when 61 is divided by (9/(-3))/(((-42)/(-68))/(-7))?
27
Let z = 13 - -13. Suppose 4*g + 70 = 14*g. Calculate the remainder when z is divided by g.
5
Let f(j) = -j. Let v be f(-1). Suppose -35 = -3*u + v. Calculate the remainder when u is divided by 7.
5
Let p(q) = -10 + 3*q**3 + 0*q**3 + 6*q**2 - 10*q - 2*q**3. Suppose -5*h + 0*o - o = -161, o = -h + 33. Calculate the remainder when h is divided by p(-7).
10
Calculate the remainder when 25 is divided by ((-20)/8)/(30/(-168)).
11
Let l be (-5)/(-2) + (-2)/4. Suppose -3*r - l*u + 16 = -2*r, 0 = 4*r - 4*u - 28. What is the remainder when 18 is divided by r?
8
Let c be 282/(-12) - 1/(-2). Let z = 15 + c. Calculate the remainder when 5 is divided by (z/10)/(2/(-5)).
1
Let q(u) = u**3 - 7*u**2 + 2*u + 3. Suppose -2*h + 5*h = 27. What is the remainder when q(7) is divided by h?
8
Suppose 37 = 2*c + 3*l + 1, 4*c + 4*l = 68. Let r = -65 + 108. Calculate the remainder when r is divided by c.
13
Suppose -j + 4 = -0*j. Suppose -j*q + 4 = -4. What is the remainder when 5 is divided by q?
1
Let n be (-2)/4 - (-9)/2. Suppose 2*f = n*c + 8, 3 = 2*c - c. Calculate the remainder when 39 is divided by f.
9
What is the remainder when 0 + -2 - (-35 + -2) is divided by -3*3/12*-16?
11
Suppose 4*v = 2*v + 82. Suppose 3*w - v = 25. Suppose -i - 36 = -4*i - r, -4*i = 2*r - 48. What is the remainder when w is divided by i?
10
What is the remainder when 0 - (-1 - 0) - -4 is divided by 4?
1
What is the remainder when (16*1)/(4 + -2) is divided by 3?
2
Let g(f) = -f**2 + 8*f + 12. Suppose -s - 3*s + 3*j + 23 = 0, 2*s + 16 = -4*j. Calculate the remainder when g(9) is divided by s.
1
Suppose -3*m + 4*k + 97 = -0*k, 0 = -5*m + k + 156. Let w = -13 + 21. What is the remainder when m is divided by w?
7
Suppose 0 = -5*i - 25, -3*s + 3*i + 9 + 0 = 0. What is the remainder when (-8 - 2)*5/s is divided by 2/(-12)*-3*26?
12
What is the remainder when (1 + -3 - 2)*-62 is divided by 50?
48
Suppose 0 = -2*a - 3*u - 10, -2*a - 3*u = -4*u - 6. Let p(f) = -f - 3. What is the remainder when a is divided by p(-4)?
0
Let w = -24 - -30. What is the remainder when w is divided by 3?
0
Let f(k) = k**2 + 5*k - 6. Let o = -1 - -1. Let p be (-1 - o)*(-1 + 8). Calculate the remainder when 31 is divided by f(p).
7
Let s be -5 - -6 - -1*2. What is the remainder when s*-1*132/(-18) is divided by 2/((-2)/(-9)) - 1?
6
Let n(d) = -d**2 - 8*d - 4. Calculate the remainder when 7 is divided by n(-7).
1
Suppose o = 5*u - 1 - 21, 4*u - 3*o = 11. Suppose 3*a - 14 = -3*f + 7, u*f = 4*a - 64. Calculate the remainder when (-2)/(-7) - (-222)/7 is divided by a.
10
Suppose 4*z - 84 = -4*k, -2*z = -k + 17 - 2. Calculate the remainder when 74 is divided by k.
17
Suppose 2*y - 6 = 0, -2*j + y + 6 = 3. Suppose -j*g - 2*g = -160. Let u = -4 + 21. Calculate the remainder when g is divided by u.
15
Suppose 2*s + 2*s + 5*c - 69 = 0, 5*c = s - 11. Suppose 3*f - 7 = 4*k + s, 4*f + 6 = -2*k. Let z = 11 + f. What is the remainder when 34 is divided by z?
10
Let a(j) = j**2 - 2*j - 5. Let d be a(4). Let y = d - 8. Let u(k) = -k**3 - 5*k**2 - 6*k - 4. Calculate the remainder when u(y) is divided by 9.
8
Suppose 115 = 3*p - 5*u, -3*p - u - 159 = -7*p. Let o(j) = 3*j**3 - 3*j**2 + 2*j - 2. Calculate the remainder when p is divided by o(2).
12
Let f = -8 - -10. Suppose f*o - 6*o = 3*k - 16, -25 = -5*k - 5*o. Calculate the remainder when 7 is divided by k.
3
Let x = 31 - 9. What is the remainder when x is divided by 12?
10
Suppose 21 = k - 10. Suppose 0 = -4*l + 2*l - 3*g + 32, -l = g - 16. What is the remainder when k is divided by l?
15
Let c = -28 - -9. Let z = 34 + c. Suppose 8*p - 6*p - 8 = 0. What is the remainder when z is divided by p?
3
Suppose 4*z - i = -2 - 1, 0 = i - 3. Suppose -244 = -z*v - 4*v. Calculate the remainder when v is divided by 16.
13
Suppose 59 = 5*a - 16. Let o = a - 9. Suppose o = r - 1. What is the remainder when 20 is divided by r?
6
Let u(g) = -g**3 + 19*g**2 - 19*g - 30. Calculate the remainder when u(17) is divided by 19.
16
Suppose 5*c = 2*c + 54. Calculate the remainder when 69 is divided by c.
15
Suppose 0 = r - s - 48, 2*s = -r + 4*s + 43. Calculate the remainder when r is divided by 27.
26
Let s(f) = -f**2 + 5*f + 4. Let l be s(5). Suppose 5*h - 17 = l*h. What is the remainder when 67 is divided by h?
16
Let o(q) = q**2 + 5*q + 6. Let j be o(-5). Let x = j - 4. What is the remainder when x is divided by 2?
0
Suppose 0*s = -5*s + 85. Calculate the remainder when 1*(s + (-2 - -3)) is divided by 7.
4
Let b(n) = 3*n - 3. Let v(g) = -g - 4. Let s be v(-9). What is the remainder when 46 is divided by b(s)?
10
Let v be -3 - (-71 + -1)/2. Suppose 4*d = 5*k + 14, 0 = 4*d - k + 11 - v. Calculate the remainder when 10 is divided by d.
4
Let w = 26 - 14. Calculate the remainder when 22 is divided by w.
10
Let g be (-28)/8*(-2)/(-1). Let r = g - -22. Suppose 0 = 2*u - 13 - 3. Calculate the remainder when r is divided by u.
7
Suppose -2*k + 12 = f - 2*f, 8 = 2*f. Suppose -5*d + 25 = 2*w, 0 = -0*w + w - 2*d - k. Calculate the remainder when w is divided by 4.
2
Suppose -2*s + 4*u = -14, 2*s - 3*u - 17 = 2*u. Suppose -s = r + 1, -r = n + 2. Suppose n*f - 14 = -f. What is the remainder when 54 is divided by f?
12
Suppose 80 = -4*o + 9*o. Calculate the remainder when o/(-72) - (-616)/18 is divided by 12.
10
Let i(w) = -w + 35. What is the remainder when 149 is divided by i(5)?
29
Suppose 3*q = -3*o + 519, 0*q = -4*o - 3*q + 691. Calculate the remainder when o is divided by 29.
27
Let x = -3 - -2. Let l = 11 + -1. Calculate the remainder when 58/(-2)*(-2 - x) is divided by l.
9
Let m(y) = -y**3 - 4*y**2 + 4*y - 1. Calculate the remainder when m(-5) is divided by 2.
0
Suppose 8*g - 76 = -5*s + 6*g, 4*g + 40 = 2*s. Let c = 262 - 185. What is the remainder when c is divided by s?
13
Let y be -5*(9/(-5))/3. Let v(l) = 8*l + 4 + 1 - 3. What is the remainder when v(y) is divided by 9?
8
Let c(y) be the first derivative of 3*y**4/4 + y**3/3 + y**2/2 - y + 1. Let g be c(1). Calculate the remainder when 53 is divided by g/10*(-1 - -46).
17
Suppose -4*q - 3*d - 10 - 2 = 0, 0 = -5*q + 2*d - 15. Let r = q - -18. Let m(u) = u**3 - 8*u**2 + 5*u - 11. What is the remainder when m(8) is divided by r?
14
Suppose 5*t = -5, -2*q = -q + 4*t - 1. Let m = -12 + q. Let f = 24 + m. What is the remainder when 33 is divided by f?
16
Let b = -2 - -20. What is the remainder when 52 is divided by b?
16
Suppose -5*q + 49 = -41. Calculate the remainder when q is divided by ((-4 + 2)*5)/(-1).
8
Let t(y) = -5*y - 15. What is the remainder when 59 is divided by t(-6)?
14
Calculate the remainder when 73 is divided by (-2